ite?
True
Let t(q) = 27*q**2 - 1. Let f be t(-1). Let m be (-2)/(-11) + (-1)/((-55)/650). Let b = m + f. Is b a prime number?
False
Let w(j) = -j - 6. Let i be w(-3). Let o be 0 - (-324 + i + 0). Suppose -n + 117 = q, 3*n = 4*q - q - o. Is q prime?
True
Let z(f) = f + 14. Let a be z(-12). Is a*5/45 - 11642/(-18) composite?
False
Suppose 0 = 5*u - 2*j + 136, 4*u + 0*u + 120 = -4*j. Is (-3*u/6)/2 a composite number?
False
Let j(y) = 10 - 282*y + 20 + 328*y. Is j(14) composite?
True
Suppose -3*j = -6, 2*b = 3*b + j - 11. Suppose 5*m = 3*d + 1930, -b*m = -4*m + d - 1950. Is m composite?
False
Suppose 10*s + l = 15*s - 60180, -4*l - 48128 = -4*s. Is s prime?
True
Let j be 16/(-40) + 114/10. Suppose 0 = -b + 218 - j. Suppose -72 = -3*a + b. Is a a prime number?
False
Let b be 0/(5/(20/(-8))). Suppose b = 10*a - 14*a. Suppose 2*s + 5*u - 30 = a, -5*s + 5*u + 56 + 19 = 0. Is s a prime number?
False
Is (6*1 - (-638610)/84)*14 a composite number?
True
Suppose 4*r = 2*h + 2220, -2*h + h - 2775 = -5*r. Suppose 3*j - 657 = r. Let y = j + -247. Is y composite?
False
Suppose -55*v = -60*v + 25. Suppose 5*y - v*p = 2770, 0 = -8*y + 3*y + 2*p + 2770. Is y a prime number?
False
Let a(b) be the first derivative of -37*b**2/2 - 14*b - 11. Let t be a(-6). Is (-2)/(2 + t/(-103)) a prime number?
True
Suppose 3*v - 3*o - 1425 = 0, 1912 = 4*v + o - 2*o. Is v a prime number?
True
Let b be (1 - (-3)/(-1)) + -125. Let u = b - -1062. Suppose -6*j - u = -11*j. Is j prime?
False
Let r(s) = -331*s**2 + 1 + 331*s**2 + 3*s**3 - 2*s. Let u be r(1). Suppose 0 = u*l - 844 - 0. Is l composite?
True
Let u = 22 + -18. Suppose 4*r + u*q = -q + 22291, 4*r - 5*q - 22341 = 0. Is r a prime number?
False
Let f = 3781 - 122. Is f prime?
True
Suppose -4*g = i - 33, 6*i - 3*i = 5*g + 14. Suppose -2354 - 129 = -i*m. Is m prime?
True
Let v(f) = 3*f + 10. Let r be v(-8). Is ((-1)/(-3))/(r/(-35742)) prime?
False
Let t(a) = 3*a**3 + 16*a**2 - 6*a - 24. Is t(11) composite?
False
Let c = 116 + -81. Suppose c = d + 3*d - 3*z, 31 = 4*d + z. Suppose 0 = t + d - 57. Is t composite?
True
Let f be (-2)/(-9) - (-4367)/(-9). Let z = f - -1228. Is z a prime number?
True
Let p(n) = -11*n**3 + n + 1. Let a be p(-1). Let x be (44/12 + 4/(-6))*-1. Is (a/x)/((-2)/102) a composite number?
True
Let x(m) = -297*m + 38. Is x(-25) composite?
True
Suppose -w = 2*u - 239, 2*w - 2*u = 6*w - 962. Suppose 0 = 6*i - 8*i + b + 170, -3*i + 5*b = -w. Is i composite?
True
Let a be (10/8)/(5/420). Let w(b) = -7*b + 27. Let k be w(11). Let t = a + k. Is t prime?
False
Let a(q) be the third derivative of 29*q**5/30 - q**4/24 - 2*q**3/3 + 8*q**2. Is a(-3) prime?
True
Suppose -7219 + 28304 = z - 3*w, 2*z - 4*w = 42166. Is z a prime number?
False
Is 5832795/60 - 2/8 composite?
False
Let x = 39 - 25. Let s(d) be the second derivative of -d**4/12 + 17*d**3/3 + 13*d**2/2 + 18*d. Is s(x) a composite number?
False
Let u = 1040 - 301. Is u a prime number?
True
Let c(w) = -26*w**2 + 11*w + 1. Let l(m) = -27*m**2 + 10*m. Let k(n) = -5*c(n) + 4*l(n). Let s(f) be the first derivative of k(f). Is s(7) a prime number?
True
Let c(r) = -2*r + 13. Let q be c(4). Suppose -q*o + 1274 = 4*a, -1150 + 137 = -4*o + 3*a. Is o a composite number?
True
Let q(y) be the third derivative of 29*y**4/6 - 7*y**3/3 + 6*y**2. Is q(3) a composite number?
True
Suppose 5*h - 15 + 0 = 0. Let u be (h/9)/((-2)/(-48)). Is (2 - 1)/(u/3208) composite?
False
Let u(v) = 4*v**2 + v**3 + 5*v + v**3 - 9*v - 3*v**3 + 2. Let o be u(2). Let y(s) = 4*s**3 - 2*s**2 + 1. Is y(o) a composite number?
True
Let z = 15 + -11. Suppose 0 = z*q - 0*q - 5*p - 5261, 3 = p. Suppose -10*s + 9*s = -q. Is s a prime number?
True
Suppose 2*b - 2159 = b + 3*x, 2165 = b - 5*x. Suppose -3*a = -a - 4*w - b, -2*w - 2 = 0. Is a a prime number?
False
Let t = 471 + 1358. Is t a prime number?
False
Let c = 912 + -467. Suppose 0 = -2*v + 3*i - 290, -4*v - 91 = 5*i + c. Let h = -50 - v. Is h composite?
False
Suppose -q + h - 1175 = -3*q, 0 = 2*q - h - 1173. Is q composite?
False
Let s(v) = 94*v - 1. Suppose 7*p - 6*p - 2 = 0. Suppose i - p = -2*z, -z + 3*i + 5 + 3 = 0. Is s(z) a composite number?
True
Suppose -2*a + 2*x + 4666 = 0, -4*x = -5*a + 8836 + 2829. Is a composite?
False
Let w be (-12626)/(-10) + 2/5. Suppose 3*p - 25 = -4*z, -5 = -5*z + 5*p - 0. Suppose -3*o + w = 4*n - 454, -4*o + z*n + 2280 = 0. Is o composite?
False
Let n be 6/(-6) + (-1498)/(-2). Suppose -n = -5*x - 2*k + 767, 4*k = -3*x + 909. Is x a composite number?
True
Let m(k) = 11*k**2 + 6*k - 52. Is m(-15) a composite number?
False
Let i(u) be the third derivative of -u**5/60 - 7*u**4/12 + 877*u**3/6 - 15*u**2 - 1. Is i(0) prime?
True
Suppose -z = z + 13916. Let l = 9911 + z. Is l composite?
False
Let l = -25 + 14. Let y = l + 14. Suppose -2*a + y*a = 83. Is a composite?
False
Let y = 285 - -1082. Is y a composite number?
False
Suppose -3*q = 2*q - 30. Let b = -5 - 22. Let g = q - b. Is g a prime number?
False
Let x be -129 + (6 - (-4)/(-1 + -1)). Let q(j) = -44*j**3 + j + 2. Let n be q(2). Let g = x - n. Is g a prime number?
True
Let v(w) = 2*w**2 + 8*w + 9. Let h = -69 + 76. Is v(h) a composite number?
False
Suppose -7*h = 16*h - 136643. Is h a composite number?
True
Let h(b) = -b - 9. Let x be h(-9). Suppose -n = 3*a - 1, x = n - 5*a - 6 - 3. Suppose n*s - 636 = -0*s. Is s composite?
True
Is 226865/187 - (-4)/(-22) a composite number?
False
Let o(l) = -3*l**2 - 8*l + 1. Let p(c) = 3*c**2 + 9*c - 2. Let k(f) = -5*o(f) - 4*p(f). Let h = -11 - -9. Is k(h) composite?
False
Suppose 5*x - 4*m - 105 = 0, 3*x + m - 65 = 3*m. Suppose 5*j + x = 0, 4*j - 30 = -4*z + 2*j. Suppose l = 201 - z. Is l a composite number?
False
Suppose n + 1 = o - 3*o, 3*o + 3*n = -3. Suppose 6*d - 213 - 951 = o. Is d composite?
True
Let b = 1 + 7. Let d = 13 - 9. Suppose b*u = d*u + 308. Is u a prime number?
False
Let c be 4/26 - 1140/(-26). Suppose -2*p + 15 = 4*y + 105, -p + 55 = -2*y. Let j = c - y. Is j prime?
False
Let w be -528 + (4 - (4 + -3)). Let x = w - -1480. Is x composite?
True
Suppose 46*l = 36*l + 112630. Is l a prime number?
False
Let v(t) = -228*t**3 - 11*t**2 - 25*t - 9. Is v(-4) composite?
True
Let c(b) = -b**3 + b**2 - b + 925. Let r be c(0). Let d = -478 + r. Is d prime?
False
Let j be (-170)/15*(-1 + 176/(-1)). Suppose 5*v - j = 2149. Is v composite?
True
Is (-67800 - -6)*(-2)/4 prime?
False
Let a(t) be the third derivative of -11*t**4/12 + t**3/6 - 5*t**2. Suppose -w - 36 = 3*w - 4*r, 9 = -w - r. Is a(w) composite?
False
Let w = -73 + 47. Is 1282/(-3)*39/w composite?
False
Let d = -1165 - -2949. Let l = d - 687. Is l composite?
False
Let s be ((-3)/(-2))/((-7)/126). Let h = s - -112. Is h prime?
False
Let t(z) = z**2 - 11*z - 22. Let h be t(13). Is 2170/h - (-15)/(-10) a prime number?
True
Let q = 6 + -1. Suppose 3*r + q*j - 4784 = 0, -3196 = -2*r - 0*j - 5*j. Suppose -r = -3*c - 151. Is c composite?
False
Let z(o) = -429*o**3 + o + 3. Is z(-2) composite?
False
Is (50/35 - (-6)/(-14))*2267 prime?
True
Suppose 0 = -2*a - h + 42, -h = -4*a + 119 - 41. Let r = a + 219. Is r prime?
True
Let r(h) = -h**3 - 10*h**2 + 31*h - 16. Let q be r(-13). Suppose 3928 + q = 8*p. Is p a composite number?
True
Let i = -4359 + 6542. Is i prime?
False
Suppose 4*j - 4699 = -2*z + 6711, -4*z = -3*j - 22864. Is z prime?
False
Let b = 154 + -79. Suppose 116 = z - b. Is z a prime number?
True
Suppose -4*s + 199028 = 3*w, -15*w = -s - 14*w + 49750. Is s a composite number?
True
Let y(w) = -1390*w + 63. Is y(-14) a prime number?
False
Let a = 33751 - 12174. Is a a prime number?
True
Let g be 213/((-32)/(-11) - 3). Let v = -1592 - g. Is v a prime number?
True
Suppose 2*b + 42 = -9346. Let u = -3271 - b. Is u a prime number?
True
Suppose 0 = -s - 3*s + 2*q - 9056, -3*q + 6798 = -3*s. Let f = -413 - s. Is f a prime number?
False
Let t = 1497 - 748. Suppose -3*c - 769 = -2*o, 2*o + c = -0*o + t. Is o composite?
True
Is 821*-5*(-1 - 12/(-20)) prime?
False
Let c(x) = 241*x**3 - 13*x**2 + 10. Let d(i) = -161*i**3 + 9*i**2 - 7. Let j(y) = -5*c(y) - 7*d(y). Is j(-1) a composite number?
False
Is 1722121/869 - 6/(-22) a prime number?
False
Suppose 20 = z + 3*z. Suppose 5*k = -3*y + 1031, -4*y = -z*y - k + 345. Is y composite?
False
Let d be -2*2/4 - -3. Suppose -d*l + l + 159 = 